{"id":58,"date":"2019-07-19T15:43:19","date_gmt":"2019-07-19T13:43:19","guid":{"rendered":"https:\/\/herzstueck-hochzeitsplanung.de\/?page_id=58"},"modified":"2019-08-13T13:30:36","modified_gmt":"2019-08-13T11:30:36","slug":"basteln-ausleihen","status":"publish","type":"page","link":"https:\/\/herzstueck-hochzeitsplanung.de\/?page_id=58","title":{"rendered":"Basteln &#038; Ausleihen"},"content":{"rendered":"\t\t<div data-elementor-type=\"wp-post\" data-elementor-id=\"58\" class=\"elementor elementor-58\" data-elementor-settings=\"[]\">\n\t\t\t<div class=\"elementor-inner\">\n\t\t\t\t<div class=\"elementor-section-wrap\">\n\t\t\t\t\t\t\t<section class=\"elementor-element elementor-element-570ea74 elementor-section-boxed elementor-section-height-default elementor-section-height-default elementor-section elementor-top-section\" data-id=\"570ea74\" data-element_type=\"section\">\n\t\t\t\t\t\t<div class=\"elementor-container elementor-column-gap-default\">\n\t\t\t\t<div class=\"elementor-row\">\n\t\t\t\t<div class=\"elementor-element elementor-element-14724dba elementor-column elementor-col-100 elementor-top-column\" data-id=\"14724dba\" data-element_type=\"column\">\n\t\t\t<div class=\"elementor-column-wrap  elementor-element-populated\">\n\t\t\t\t\t<div class=\"elementor-widget-wrap\">\n\t\t\t\t<div class=\"elementor-element elementor-element-41c833 elementor-widget elementor-widget-text-editor\" data-id=\"41c833\" data-element_type=\"widget\" data-widget_type=\"text-editor.default\">\n\t\t\t\t<div class=\"elementor-widget-container\">\n\t\t\t\t\t<div class=\"elementor-text-editor elementor-clearfix\"><!-- wp:paragraph -->\n<p><strong>Basteln<\/strong><\/p>\n<!-- \/wp:paragraph --><!-- wp:paragraph -->\n<p>Basteln, Schneiden, Kleben und Knibbeln ist unsere pers\u00f6nliche Leidenschaft. Wir k\u00f6nnen uns stundenlang damit verweilen. Gerne nehmen wir euch daher auch das Gestalten folgender Punkte ab:<\/p>\n<!-- \/wp:paragraph --><!-- wp:paragraph {\"align\":\"center\"} -->\n<p style=\"text-align: center;\">Kirchenbl\u00e4tter<br \/>Kirchenacc. (Taschent\u00fccher, Bl\u00fcten)<br \/>Autoschleifen<br \/>Sitzplan<br \/>Platzkarten<br \/>Tischnummerierung<br \/>Men\u00fckarten<br \/>Gastgeschenke<br \/>Ablaufplan f\u00fcr die G\u00e4ste<br \/>G\u00e4stebuch Er\u00f6ffnungsseite<br \/>Einladungen adressieren und verschicken<br \/>Badutensilien- K\u00f6rbchen<\/p>\n<!-- \/wp:paragraph --><!-- wp:paragraph --><!-- \/wp:paragraph --><!-- wp:paragraph --><!-- \/wp:paragraph --><!-- wp:paragraph --><!-- \/wp:paragraph --><!-- wp:paragraph --><!-- \/wp:paragraph --><!-- wp:paragraph --><!-- \/wp:paragraph --><!-- wp:paragraph --><!-- \/wp:paragraph --><!-- wp:paragraph --><!-- \/wp:paragraph --><!-- wp:paragraph --><!-- \/wp:paragraph --><!-- wp:paragraph --><!-- \/wp:paragraph --><!-- wp:paragraph --><!-- \/wp:paragraph --><!-- wp:paragraph --><!-- \/wp:paragraph --><!-- wp:paragraph -->\n<p><strong>Ausleihen<\/strong><\/p>\n<!-- \/wp:paragraph --><!-- wp:paragraph -->\n<p>Man hat nicht immer Alles zur Hand oder m\u00f6chte gewisse Dinge nicht extra oder nur f\u00fcr den Tag der Hochzeit anschaffen. Gerne leihen wir euch folgende Gegenst\u00e4nde f\u00fcr diesen Tag aus:<\/p>\n<!-- \/wp:paragraph --><!-- wp:paragraph -->\n<p style=\"text-align: center;\">Palette f\u00fcr Sitzplan<br \/>Weise T\u00fccher f\u00fcr Deckenabh\u00e4ngung<br \/>Weinkisten<br \/>Kasten f\u00fcr Karten<br \/>Candybar (Gl\u00e4ser und \u2013Acc.)<br \/>Kinderecke<\/p>\n<!-- \/wp:paragraph --><!-- wp:paragraph --><!-- \/wp:paragraph --><!-- wp:paragraph --><!-- \/wp:paragraph --><!-- wp:paragraph --><!-- \/wp:paragraph --><!-- wp:paragraph --><!-- \/wp:paragraph --><!-- wp:paragraph --><!-- \/wp:paragraph --><!-- wp:paragraph -->\n<p>\u00a0<\/p>\n<!-- \/wp:paragraph --><\/div>\n\t\t\t\t<\/div>\n\t\t\t\t<\/div>\n\t\t\t\t\t\t<\/div>\n\t\t\t<\/div>\n\t\t<\/div>\n\t\t\t\t\t\t<\/div>\n\t\t\t<\/div>\n\t\t<\/section>\n\t\t\t\t\t\t<\/div>\n\t\t\t<\/div>\n\t\t<\/div>\n\t\t","protected":false},"excerpt":{"rendered":"<p>Basteln Basteln, Schneiden, Kleben und Knibbeln ist unsere pers\u00f6nliche Leidenschaft. Wir k\u00f6nnen uns stundenlang damit verweilen. Gerne nehmen wir euch daher auch das Gestalten folgender Punkte ab: Kirchenbl\u00e4tterKirchenacc. (Taschent\u00fccher, Bl\u00fcten)AutoschleifenSitzplanPlatzkartenTischnummerierungMen\u00fckartenGastgeschenkeAblaufplan f\u00fcr die G\u00e4steG\u00e4stebuch Er\u00f6ffnungsseiteEinladungen adressieren und verschickenBadutensilien- K\u00f6rbchen Ausleihen Man hat nicht immer Alles zur Hand oder m\u00f6chte gewisse Dinge nicht extra oder nur f\u00fcr den Tag der Hochzeit anschaffen. Gerne leihen wir euch folgende Gegenst\u00e4nde f\u00fcr diesen Tag aus: Palette f\u00fcr SitzplanWeise T\u00fccher f\u00fcr Deckenabh\u00e4ngungWeinkistenKasten f\u00fcr KartenCandybar (Gl\u00e4ser und \u2013Acc.)Kinderecke \u00a0<\/p>\n","protected":false},"author":2,"featured_media":0,"parent":0,"menu_order":0,"comment_status":"closed","ping_status":"closed","template":"","meta":{"ngg_post_thumbnail":0},"_links":{"self":[{"href":"https:\/\/herzstueck-hochzeitsplanung.de\/index.php?rest_route=\/wp\/v2\/pages\/58"}],"collection":[{"href":"https:\/\/herzstueck-hochzeitsplanung.de\/index.php?rest_route=\/wp\/v2\/pages"}],"about":[{"href":"https:\/\/herzstueck-hochzeitsplanung.de\/index.php?rest_route=\/wp\/v2\/types\/page"}],"author":[{"embeddable":true,"href":"https:\/\/herzstueck-hochzeitsplanung.de\/index.php?rest_route=\/wp\/v2\/users\/2"}],"replies":[{"embeddable":true,"href":"https:\/\/herzstueck-hochzeitsplanung.de\/index.php?rest_route=%2Fwp%2Fv2%2Fcomments&post=58"}],"version-history":[{"count":4,"href":"https:\/\/herzstueck-hochzeitsplanung.de\/index.php?rest_route=\/wp\/v2\/pages\/58\/revisions"}],"predecessor-version":[{"id":127,"href":"https:\/\/herzstueck-hochzeitsplanung.de\/index.php?rest_route=\/wp\/v2\/pages\/58\/revisions\/127"}],"wp:attachment":[{"href":"https:\/\/herzstueck-hochzeitsplanung.de\/index.php?rest_route=%2Fwp%2Fv2%2Fmedia&parent=58"}],"curies":[{"name":"wp","href":"https:\/\/api.w.org\/{rel}","templated":true}]}}